6*u - 30. Let y(r) = -6*a(r) + 13*g(r). What is y(7)?
1
Suppose -m = -2*m. Let i(r) = r - 5 + m*r + 0*r. Let o = 11678 + -11685. Determine i(o).
-12
Let b be (-116 + 10)/(-3*3/(-9)). Let d = -106 - b. Let z(j) = 8*j + d - 17 + 18. Calculate z(1).
9
Let i(s) = -10*s**3 + 17266*s + s**2 - 17266*s + 9*s**3 - 10. Let p be (-14)/(-8)*(-1 + 5). Suppose 3*y + 6 = 2*n, 4*y + p + 1 = -4*n. Calculate i(n).
-10
Let y(i) = -i**3 - 6*i**2 - i - 1. Let f be 52 - -1*(-1 - 1). Suppose -4*s + 259 = 5*b, s - 194 + 33 = -3*b. Let t = f - b. Calculate y(t).
-21
Let r(w) = -3*w + 22 - 2*w - 1 + 22 - 10. Determine r(5).
8
Let c(v) = 59*v. Let d(f) = -355*f - 9. Let q(n) = -6*c(n) - d(n). Let k(y) = -3*y + 2. Let i be k(2). Calculate q(i).
5
Let z = -42 - -47. Suppose -1 + 20 = -3*h + z*a, -3*h - 3*a = -21. Let j(m) = 16*m**h - 6*m - m**3 - 5*m**2 + 6 - 5*m**2. Calculate j(4).
14
Let o be -1*((5*2 - 114/19) + -4). Let i(y) be the first derivative of -8*y - 1/4*y**4 + 0*y**2 - 2 - 1/3*y**3. Calculate i(o).
-8
Let b = 298 + -278. Suppose -3*s - s = -b. Let c(w) = w**3 - 5*w - 6. Let v(u) = u**2 - u - 1. Let d(i) = -c(i) + 5*v(i). Give d(s).
1
Let u be 484/(-48) + 104/1248. Let b(f) = 7*f**2 + 5*f + 10. Let v(j) = -j**2 + j + 1. Let g(d) = b(d) + 6*v(d). Determine g(u).
6
Let t(y) = 24*y**3 + y**2 - y. Let m(b) = -b**3 - 11*b**2 + 53*b + 352. Let p be m(-13). Give t(p).
24
Let h(f) = -f**2 + f. Let t be (11 - 0)*(27/(-3))/(-3). Suppose -3*d - 4*j = -t + 9, -j = -4*d + 13. Give h(d).
-12
Let v(j) = -25*j - 82. Let p = 8369 - 8373. Calculate v(p).
18
Let w(g) be the third derivative of 157*g**2 + 0*g**4 + 0 + 0*g + 1/6*g**3 - 1/60*g**5. Determine w(-2).
-3
Let c(z) = 9*z + 3. Suppose 0 = 2*t + t - 5*t + 10. What is c(t)?
48
Let m(z) = z**3 - 10*z**2 + 12*z - 2. Let j be (-8)/2 + 8 + -6 + -2. Let i be -27*(55/15 + j). Give m(i).
25
Let j(a) = 2*a - 1. Let l(p) = p - 2. Let k(u) = 4*j(u) - 3*l(u). Let h(r) = 99*r**2 + 94*r - 1. Let o be h(-1). Determine k(o).
22
Suppose -8*s - 55 = s + 8. Let x(n) = -6*n - 6. Determine x(s).
36
Let q(b) = 17*b + 1 - 3*b**2 - 13*b - 10*b + b**3 + 3. Let d be q(4). Let v be ((d + 3)/(-1))/(2/4). Let n(l) = l**3 - 4*l + 3. What is n(v)?
3
Let o(i) be the third derivative of i**5/60 + i**4/8 - i**3/3 - 145*i**2. Calculate o(-7).
26
Let c(y) = 2*y**2 - 66*y + 67. Let q be c(32). Let l(b) be the third derivative of b**6/120 - b**5/20 + b**3 + b**2. What is l(q)?
6
Let c(f) = f**2 + 12*f - 20. Suppose 266 = -7*p + 175. What is c(p)?
-7
Let m = 17827 - 17798. Let h(i) = -i**3 + 30*i**2 - 30*i + 24. What is h(m)?
-5
Let p(s) = -s**3 - 10*s**2 + 11*s + 5. Suppose 9 = 3*m, 0*m = -6*w - m - 63. What is p(w)?
5
Let q(b) = -21*b**3 + b**2. Suppose -5*y - 5*s = 15, 6*s - 14*s = 3*y + 19. Calculate q(y).
22
Let b(q) = q**3 + 2*q + 3. Let u be b(0). Suppose u = -5*x + 18. Let f(k) = -3 + 4 - 4*k**3 - k - 5*k**x. Calculate f(1).
-9
Suppose 11 - 95 = 4*o. Let i be 4/((-12)/o) - 2. Suppose 2*h + 3 = 5, 2*g - i*h = -17. Let s(c) = c**3 + 5*c**2 - 6*c + 7. What is s(g)?
7
Let u(z) be the third derivative of z**6/120 + z**5/15 - 3*z**4/4 - 2*z**3 + 2*z**2 + 712*z. What is u(-6)?
24
Let z(t) = -t**2 - 18*t - 65. Let x = 7924 + -7935. Give z(x).
12
Suppose 8*f = 4*f + 28. Suppose -f*b - 26 = 2. Let o(m) = -1 + 0 - 5*m - 2 - 2 - 6*m**2 + 5*m**2. Give o(b).
-1
Let q(o) = -62*o**2 - 1 + o**3 + 58*o**2 - 4. Suppose 50 = 5*p + 5*h, 0 = -2*p + 7*h - 4*h - 5. Determine q(p).
20
Let g = 27 - 34. Let i(o) be the second derivative of 1/2*o**2 + 13*o + 0 + 2/3*o**4 + 1/20*o**5 + 5/6*o**3. Determine i(g).
15
Let b(w) = 6*w + 14. Let d = -144 - -142. Let g be b(d). Let f(q) = 6*q + 2*q**g + 23 - 23. Determine f(-4).
8
Let k(j) = -2*j**2 + 75*j - 137. Let y(z) = -z**2 + 40*z - 67. Let q(l) = -3*k(l) + 5*y(l). What is q(21)?
-8
Suppose 26 = 3*b - 4*p, -p = -3*b + 52 - 32. Let o(i) = i**3 - 7*i**2 + 11*i + 17. Determine o(b).
47
Let r be (4 + 48/(-9))*(5 + -2). Let t(u) = 9*u + 12. Let f = -58 + 64. Let m(v) = -8*v - 11. Let s(z) = f*m(z) + 5*t(z). What is s(r)?
6
Let z(n) = n**2 + 7*n - 1. Let m be (126/(-7) - -5) + 8. Let p be (0 + -15 - m) + 5. Calculate z(p).
-11
Let s(q) = 9*q**3 - 1 - 130997*q + 4*q**2 + 131001*q - 8*q**3. Calculate s(-5).
-46
Let j(v) = v - 1. Let h(f) = -8*f**2 + 6*f - 5. Let k(s) = -h(s) + 5*j(s). Let n(r) = r**2 - 16. Let c be n(4). Suppose -6*w = -c*w + 6. Calculate k(w).
9
Let w(z) = -10*z + 90. Suppose 139*u - 83 - 1029 = 0. Give w(u).
10
Let i(k) be the second derivative of k**5/20 - k**4/3 + k**3/6 - 3*k**2/2 - 758*k. Calculate i(4).
1
Let w = -53 + 49. Let a(l) = 0*l**3 + 32 - 2*l**2 + 3*l**3 - 4*l**3 - l**2 - 31 - 4*l. What is a(w)?
33
Let h(o) be the third derivative of 2*o**4/3 - 59*o**3/6 - 230*o**2 - 17*o. Determine h(-7).
-171
Let c be 26/8 + (483/(-28) - -17). Let d(w) be the first derivative of -2*w - 1/3*w**c + 7 - w**2 + 1/4*w**4. Determine d(3).
10
Let r(b) = -3*b. Suppose -9*h + 28 = -8*h. Let j = h - 24. Give r(j).
-12
Let z(n) = -n**2 - 6*n + 1. Let a be z(-4). Let i(m) be the third derivative of 0*m + 5/3*m**3 + 10*m**2 - 1/24*m**4 - 5. Calculate i(a).
1
Let t(n) = -6*n**3 + 14*n**2 - 8*n + 1. Let x be t(2). Let z(y) = y**3 + 8*y**2 + 8*y - 1. Give z(x).
-8
Let b(z) = 3 - 25*z + 9*z + 13*z. Suppose -5*g = 5*c - 12 - 3, 0 = 4*g - 4*c - 20. Give b(g).
-9
Let z(m) = m**2 - 48. Let r be z(-11). Let l = r + -70. Let y(o) = 5*o + 0*o + o**3 - l*o**2 - 4*o + 1. Calculate y(2).
-1
Let r = 2936 - 2934. Let d(v) = -16*v + 32. What is d(r)?
0
Let n(c) = -22*c - 72. Let i(r) = 167*r + 538. Let q(x) = -2*i(x) - 15*n(x). Suppose 2*d - 1 = -7. What is q(d)?
16
Let y(o) = -o**3 + 29*o**2 - 54*o - 4. Suppose 0 = -3*f - 4*h + 77, -f - 5*h + 10*h + 32 = 0. Determine y(f).
-4
Let r(a) = -2*a**3 + 6*a**2 + 5*a + 1. Let s(f) = -11*f**3 + 34*f**2 + 33*f - 7. Let g(c) = -6*r(c) + s(c). Give g(3).
5
Let k(l) be the third derivative of -l**6/40 + 7*l**5/10 - l**4/8 + 23*l**3/3 - 77*l**2 - 53. What is k(14)?
4
Let v be (48/40 - (-16)/(-80))/((-1)/(-8)). Let q(f) = -f**3 + 7*f**2 + 4*f - 7. What is q(v)?
-39
Let i(z) be the first derivative of -z**4/4 - 5*z**3/3 + 5*z**2/2 - 6*z + 422. Determine i(-6).
0
Let z(b) = b**2 + 6*b + 3. Let j(o) = -4*o**2 - 25*o - 13. Let u(k) = 2*j(k) + 9*z(k). Let a(w) = -w**3 + 2*w**2 + 93*w - 395. Let l be a(5). Calculate u(l).
6
Let p be (-2)/((-2)/(1 + 1)). Let g(d) = 11*d + 12. Let j(l) = -21*l - 19. Let r(b) = -5*g(b) - 3*j(b). Give r(p).
13
Suppose 198*d = 196*d + 4. Suppose d*q - 62*y = -57*y + 18, -3*q + 2*y = -16. Let v(g) = 4*g + 5. Calculate v(q).
21
Let n = -823 - -827. Let k(u) = 7 + 7*u**2 + 3*u + u - 13*u. Let p(w) = -4*w**2 + 4*w - 3. Let r(h) = 3*k(h) + 5*p(h). Determine r(n).
-6
Let q(y) = 2*y - 5. Suppose -2*o + 6 = -4. Suppose o*b - 8 = 12. Let x(l) = 2*l - 3. Let s be x(b). Calculate q(s).
5
Suppose -575*d + 554*d - 84 = 0. Let y(m) = 2*m**2 + 18*m + 34. Determine y(d).
-6
Let r(t) = -6*t + 7. Let q(d) = 5*d - 6. Let j(m) = 7*q(m) + 6*r(m). Let h = 214 + -211. Let n(z) = -z. Let o(g) = h*n(g) - 4*j(g). Determine o(-1).
-1
Let g(x) = 19*x**3 - 5*x + 1. Let w(a) = a**3 - 2*a. Let b(h) = g(h) - 2*w(h). Let y(c) = c**3 + 2*c**2 + 1. Let z be y(-2). Determine b(z).
17
Suppose -2*v = o - 8, 0 = o + 5*v - 6 - 5. Suppose -o*j + 4*j + 22 = 0. Suppose b = 10 - j. Let k(f) = -6*f**3 - f. Calculate k(b).
7
Let m = 620 + -626. Let i(r) = r**2 - 9 + 3 + 4*r + r - 3. Determine i(m).
-3
Let n(y) be the third derivative of y**8/20160 + y**7/720 + y**6/80 - 163*y**5/60 + 9*y**2 - 4. Let a(r) be the third derivative of n(r). Determine a(-7).
9
Let b(r) be the third derivative of -r**4/6 - 7*r**3/3 + 299*r**2 + r. Calculate b(-9).
22
Let y(x) = -x - 10. Suppose 2*j - 40 = -3*j. Let z(g) = 13 - 9 - 10*g + g**2 + 3 + 4. Let v be z(j). Give y(v).
-5
Let g(d) = -5*d + 9. Let b = 140 + -131. What is g(b)?
-36
Let h(c) = -26*c - 434. Let x be h(-17). Let f(s) be the first derivative of 0*s + 7/4*s**4 + 1/2*s**2 + 0*s**3 + x. Give f(1).
8
Let r(y) = -146*y + 864. Let o be r(6). Let j(v) = -v**2 - 4*v + 108. Give j(o).
12
Let s(x) be the second derivative of -x**7/840 - x**6/60 - x**5/24 + 3*x**3/2 + x**2 - x - 21. Let c(d) be the second derivative of s(d). What is c(-5)?
0
Let d = -28 - -32. Let n(m) = -8*m - 10. Let i(x) = -x - 2